{"id":102,"date":"2017-09-02T20:52:29","date_gmt":"2017-09-02T18:52:29","guid":{"rendered":"http:\/\/latinacup.fr\/?page_id=102"},"modified":"2024-03-29T18:28:12","modified_gmt":"2024-03-29T17:28:12","slug":"argeles-sur-mer","status":"publish","type":"page","link":"http:\/\/latinacup.fr\/?page_id=102","title":{"rendered":"Article de L&#8217;Ind\u00e9pendant 2017 Argel\u00e8s sur mer\u00a0"},"content":{"rendered":"<p><em><a href=\"http:\/\/www.lindependant.fr\/2017\/08\/31\/argeles-sur-mer-trobada-marinera-40-barques-catalanes-rassemblees-jusqu-a-dimanche,3046654.php\">Argel\u00e8s-sur-Mer\/trobada marinera : 40 barques catalanes rassembl\u00e9es jusqu&#8217;\u00e0 dimanche &#8211; Lind\u00e9pendant.fr<\/a><\/em><\/p>\n","protected":false},"excerpt":{"rendered":"<p>Argel\u00e8s-sur-Mer\/trobada marinera : 40 barques catalanes rassembl\u00e9es jusqu&#8217;\u00e0 dimanche &#8211; Lind\u00e9pendant.fr<\/p>\n","protected":false},"author":1,"featured_media":0,"parent":235,"menu_order":0,"comment_status":"closed","ping_status":"closed","template":"","meta":{"footnotes":""},"_links":{"self":[{"href":"http:\/\/latinacup.fr\/index.php?rest_route=\/wp\/v2\/pages\/102"}],"collection":[{"href":"http:\/\/latinacup.fr\/index.php?rest_route=\/wp\/v2\/pages"}],"about":[{"href":"http:\/\/latinacup.fr\/index.php?rest_route=\/wp\/v2\/types\/page"}],"author":[{"embeddable":true,"href":"http:\/\/latinacup.fr\/index.php?rest_route=\/wp\/v2\/users\/1"}],"replies":[{"embeddable":true,"href":"http:\/\/latinacup.fr\/index.php?rest_route=%2Fwp%2Fv2%2Fcomments&post=102"}],"version-history":[{"count":2,"href":"http:\/\/latinacup.fr\/index.php?rest_route=\/wp\/v2\/pages\/102\/revisions"}],"predecessor-version":[{"id":233,"href":"http:\/\/latinacup.fr\/index.php?rest_route=\/wp\/v2\/pages\/102\/revisions\/233"}],"up":[{"embeddable":true,"href":"http:\/\/latinacup.fr\/index.php?rest_route=\/wp\/v2\/pages\/235"}],"wp:attachment":[{"href":"http:\/\/latinacup.fr\/index.php?rest_route=%2Fwp%2Fv2%2Fmedia&parent=102"}],"curies":[{"name":"wp","href":"https:\/\/api.w.org\/{rel}","templated":true}]}}